{"id":2871,"date":"2017-03-08T16:19:43","date_gmt":"2017-03-08T16:19:43","guid":{"rendered":"https:\/\/dpms-media.fr\/maison-des-sarrasins\/chambre-1\/"},"modified":"2025-06-19T13:28:42","modified_gmt":"2025-06-19T11:28:42","slug":"chambre-1","status":"publish","type":"portfolio","link":"https:\/\/sarrasins.beynacrentals.com\/en\/chambre-1\/","title":{"rendered":"Chambre 1"},"content":{"rendered":"","protected":false},"excerpt":{"rendered":"","protected":false},"author":2,"featured_media":2753,"comment_status":"open","ping_status":"closed","template":"","meta":{"footnotes":""},"tags":[29],"portfolio_entries":[31],"class_list":["post-2871","portfolio","type-portfolio","status-publish","has-post-thumbnail","hentry","tag-landscape-en","portfolio_entries-presentation-en"],"yoast_head":"<!-- This site is optimized with the Yoast SEO plugin v27.5 - https:\/\/yoast.com\/product\/yoast-seo-wordpress\/ -->\n<title>Chambre 1 - G\u00eete Maison des Sarrasins - Le P\u00e9rigord noir<\/title>\n<meta name=\"robots\" content=\"index, follow, max-snippet:-1, max-image-preview:large, max-video-preview:-1\" \/>\n<link rel=\"canonical\" href=\"https:\/\/sarrasins.beynacrentals.com\/en\/chambre-1\/\" \/>\n<meta property=\"og:locale\" content=\"en_US\" \/>\n<meta property=\"og:type\" content=\"article\" \/>\n<meta property=\"og:title\" content=\"Chambre 1 - G\u00eete Maison des Sarrasins - Le P\u00e9rigord noir\" \/>\n<meta property=\"og:url\" content=\"https:\/\/sarrasins.beynacrentals.com\/en\/chambre-1\/\" \/>\n<meta property=\"og:site_name\" content=\"G\u00eete Maison des Sarrasins - Le P\u00e9rigord noir\" \/>\n<meta property=\"article:modified_time\" content=\"2025-06-19T11:28:42+00:00\" \/>\n<meta property=\"og:image\" content=\"https:\/\/dpms-media.fr\/maison-des-sarrasins\/wp-content\/uploads\/sites\/41\/2017\/03\/Maison-2-800x335-1.jpg\" \/>\n\t<meta property=\"og:image:width\" content=\"800\" \/>\n\t<meta property=\"og:image:height\" content=\"335\" \/>\n\t<meta property=\"og:image:type\" content=\"image\/jpeg\" \/>\n<meta name=\"twitter:card\" content=\"summary_large_image\" \/>\n<script type=\"application\/ld+json\" class=\"yoast-schema-graph\">{\"@context\":\"https:\\\/\\\/schema.org\",\"@graph\":[{\"@type\":\"WebPage\",\"@id\":\"https:\\\/\\\/sarrasins.beynacrentals.com\\\/en\\\/chambre-1\\\/\",\"url\":\"https:\\\/\\\/sarrasins.beynacrentals.com\\\/en\\\/chambre-1\\\/\",\"name\":\"Chambre 1 - G\u00eete Maison des Sarrasins - Le P\u00e9rigord noir\",\"isPartOf\":{\"@id\":\"https:\\\/\\\/sarrasins.beynacrentals.com\\\/#website\"},\"primaryImageOfPage\":{\"@id\":\"https:\\\/\\\/sarrasins.beynacrentals.com\\\/en\\\/chambre-1\\\/#primaryimage\"},\"image\":{\"@id\":\"https:\\\/\\\/sarrasins.beynacrentals.com\\\/en\\\/chambre-1\\\/#primaryimage\"},\"thumbnailUrl\":\"https:\\\/\\\/dpms-media.fr\\\/maison-des-sarrasins\\\/wp-content\\\/uploads\\\/sites\\\/41\\\/2017\\\/03\\\/Maison-2-800x335-1.jpg\",\"datePublished\":\"2017-03-08T16:19:43+00:00\",\"dateModified\":\"2025-06-19T11:28:42+00:00\",\"breadcrumb\":{\"@id\":\"https:\\\/\\\/sarrasins.beynacrentals.com\\\/en\\\/chambre-1\\\/#breadcrumb\"},\"inLanguage\":\"en-US\",\"potentialAction\":[{\"@type\":\"ReadAction\",\"target\":[\"https:\\\/\\\/sarrasins.beynacrentals.com\\\/en\\\/chambre-1\\\/\"]}]},{\"@type\":\"ImageObject\",\"inLanguage\":\"en-US\",\"@id\":\"https:\\\/\\\/sarrasins.beynacrentals.com\\\/en\\\/chambre-1\\\/#primaryimage\",\"url\":\"https:\\\/\\\/dpms-media.fr\\\/maison-des-sarrasins\\\/wp-content\\\/uploads\\\/sites\\\/41\\\/2017\\\/03\\\/Maison-2-800x335-1.jpg\",\"contentUrl\":\"https:\\\/\\\/dpms-media.fr\\\/maison-des-sarrasins\\\/wp-content\\\/uploads\\\/sites\\\/41\\\/2017\\\/03\\\/Maison-2-800x335-1.jpg\",\"width\":800,\"height\":335},{\"@type\":\"BreadcrumbList\",\"@id\":\"https:\\\/\\\/sarrasins.beynacrentals.com\\\/en\\\/chambre-1\\\/#breadcrumb\",\"itemListElement\":[{\"@type\":\"ListItem\",\"position\":1,\"name\":\"Accueil\",\"item\":\"https:\\\/\\\/sarrasins.beynacrentals.com\\\/en\\\/\"},{\"@type\":\"ListItem\",\"position\":2,\"name\":\"Chambre 1\"}]},{\"@type\":\"WebSite\",\"@id\":\"https:\\\/\\\/sarrasins.beynacrentals.com\\\/#website\",\"url\":\"https:\\\/\\\/sarrasins.beynacrentals.com\\\/\",\"name\":\"G\u00eete Maison des Sarrasins - Le P\u00e9rigord noir\",\"description\":\"Maison des Sarrasins -g\u00eete de charme en Aquitaine - Beynac Rentals\",\"potentialAction\":[{\"@type\":\"SearchAction\",\"target\":{\"@type\":\"EntryPoint\",\"urlTemplate\":\"https:\\\/\\\/sarrasins.beynacrentals.com\\\/?s={search_term_string}\"},\"query-input\":{\"@type\":\"PropertyValueSpecification\",\"valueRequired\":true,\"valueName\":\"search_term_string\"}}],\"inLanguage\":\"en-US\"}]}<\/script>\n<!-- \/ Yoast SEO plugin. -->","yoast_head_json":{"title":"Chambre 1 - G\u00eete Maison des Sarrasins - Le P\u00e9rigord noir","robots":{"index":"index","follow":"follow","max-snippet":"max-snippet:-1","max-image-preview":"max-image-preview:large","max-video-preview":"max-video-preview:-1"},"canonical":"https:\/\/sarrasins.beynacrentals.com\/en\/chambre-1\/","og_locale":"en_US","og_type":"article","og_title":"Chambre 1 - G\u00eete Maison des Sarrasins - Le P\u00e9rigord noir","og_url":"https:\/\/sarrasins.beynacrentals.com\/en\/chambre-1\/","og_site_name":"G\u00eete Maison des Sarrasins - Le P\u00e9rigord noir","article_modified_time":"2025-06-19T11:28:42+00:00","og_image":[{"width":800,"height":335,"url":"https:\/\/dpms-media.fr\/maison-des-sarrasins\/wp-content\/uploads\/sites\/41\/2017\/03\/Maison-2-800x335-1.jpg","type":"image\/jpeg"}],"twitter_card":"summary_large_image","schema":{"@context":"https:\/\/schema.org","@graph":[{"@type":"WebPage","@id":"https:\/\/sarrasins.beynacrentals.com\/en\/chambre-1\/","url":"https:\/\/sarrasins.beynacrentals.com\/en\/chambre-1\/","name":"Chambre 1 - G\u00eete Maison des Sarrasins - Le P\u00e9rigord noir","isPartOf":{"@id":"https:\/\/sarrasins.beynacrentals.com\/#website"},"primaryImageOfPage":{"@id":"https:\/\/sarrasins.beynacrentals.com\/en\/chambre-1\/#primaryimage"},"image":{"@id":"https:\/\/sarrasins.beynacrentals.com\/en\/chambre-1\/#primaryimage"},"thumbnailUrl":"https:\/\/dpms-media.fr\/maison-des-sarrasins\/wp-content\/uploads\/sites\/41\/2017\/03\/Maison-2-800x335-1.jpg","datePublished":"2017-03-08T16:19:43+00:00","dateModified":"2025-06-19T11:28:42+00:00","breadcrumb":{"@id":"https:\/\/sarrasins.beynacrentals.com\/en\/chambre-1\/#breadcrumb"},"inLanguage":"en-US","potentialAction":[{"@type":"ReadAction","target":["https:\/\/sarrasins.beynacrentals.com\/en\/chambre-1\/"]}]},{"@type":"ImageObject","inLanguage":"en-US","@id":"https:\/\/sarrasins.beynacrentals.com\/en\/chambre-1\/#primaryimage","url":"https:\/\/dpms-media.fr\/maison-des-sarrasins\/wp-content\/uploads\/sites\/41\/2017\/03\/Maison-2-800x335-1.jpg","contentUrl":"https:\/\/dpms-media.fr\/maison-des-sarrasins\/wp-content\/uploads\/sites\/41\/2017\/03\/Maison-2-800x335-1.jpg","width":800,"height":335},{"@type":"BreadcrumbList","@id":"https:\/\/sarrasins.beynacrentals.com\/en\/chambre-1\/#breadcrumb","itemListElement":[{"@type":"ListItem","position":1,"name":"Accueil","item":"https:\/\/sarrasins.beynacrentals.com\/en\/"},{"@type":"ListItem","position":2,"name":"Chambre 1"}]},{"@type":"WebSite","@id":"https:\/\/sarrasins.beynacrentals.com\/#website","url":"https:\/\/sarrasins.beynacrentals.com\/","name":"G\u00eete Maison des Sarrasins - Le P\u00e9rigord noir","description":"Maison des Sarrasins -g\u00eete de charme en Aquitaine - Beynac Rentals","potentialAction":[{"@type":"SearchAction","target":{"@type":"EntryPoint","urlTemplate":"https:\/\/sarrasins.beynacrentals.com\/?s={search_term_string}"},"query-input":{"@type":"PropertyValueSpecification","valueRequired":true,"valueName":"search_term_string"}}],"inLanguage":"en-US"}]}},"_links":{"self":[{"href":"https:\/\/sarrasins.beynacrentals.com\/en\/wp-json\/wp\/v2\/portfolio\/2871","targetHints":{"allow":["GET"]}}],"collection":[{"href":"https:\/\/sarrasins.beynacrentals.com\/en\/wp-json\/wp\/v2\/portfolio"}],"about":[{"href":"https:\/\/sarrasins.beynacrentals.com\/en\/wp-json\/wp\/v2\/types\/portfolio"}],"author":[{"embeddable":true,"href":"https:\/\/sarrasins.beynacrentals.com\/en\/wp-json\/wp\/v2\/users\/2"}],"replies":[{"embeddable":true,"href":"https:\/\/sarrasins.beynacrentals.com\/en\/wp-json\/wp\/v2\/comments?post=2871"}],"version-history":[{"count":2,"href":"https:\/\/sarrasins.beynacrentals.com\/en\/wp-json\/wp\/v2\/portfolio\/2871\/revisions"}],"predecessor-version":[{"id":2925,"href":"https:\/\/sarrasins.beynacrentals.com\/en\/wp-json\/wp\/v2\/portfolio\/2871\/revisions\/2925"}],"wp:featuredmedia":[{"embeddable":true,"href":"https:\/\/sarrasins.beynacrentals.com\/en\/wp-json\/wp\/v2\/media\/2753"}],"wp:attachment":[{"href":"https:\/\/sarrasins.beynacrentals.com\/en\/wp-json\/wp\/v2\/media?parent=2871"}],"wp:term":[{"taxonomy":"post_tag","embeddable":true,"href":"https:\/\/sarrasins.beynacrentals.com\/en\/wp-json\/wp\/v2\/tags?post=2871"},{"taxonomy":"portfolio_entries","embeddable":true,"href":"https:\/\/sarrasins.beynacrentals.com\/en\/wp-json\/wp\/v2\/portfolio_entries?post=2871"}],"curies":[{"name":"wp","href":"https:\/\/api.w.org\/{rel}","templated":true}]}}

<!-- This site is optimized with the Yoast SEO plugin v27.5 - https://yoast.com/product/yoast-seo-wordpress/ -->
<title>Chambre 1 - Gîte Maison des Sarrasins - Le Périgord noir</title>
<meta name="robots" content="index, follow, max-snippet:-1, max-image-preview:large, max-video-preview:-1" />
<link rel="canonical" href="https://sarrasins.beynacrentals.com/en/chambre-1/" />
<meta property="og:locale" content="en_US" />
<meta property="og:type" content="article" />
<meta property="og:title" content="Chambre 1 - Gîte Maison des Sarrasins - Le Périgord noir" />
<meta property="og:url" content="https://sarrasins.beynacrentals.com/en/chambre-1/" />
<meta property="og:site_name" content="Gîte Maison des Sarrasins - Le Périgord noir" />
<meta property="article:modified_time" content="2025-06-19T11:28:42+00:00" />
<meta property="og:image" content="https://dpms-media.fr/maison-des-sarrasins/wp-content/uploads/sites/41/2017/03/Maison-2-800x335-1.jpg" />
	<meta property="og:image:width" content="800" />
	<meta property="og:image:height" content="335" />
	<meta property="og:image:type" content="image/jpeg" />
<meta name="twitter:card" content="summary_large_image" />
<script type="application/ld+json" class="yoast-schema-graph">{"@context":"https:\/\/schema.org","@graph":[{"@type":"WebPage","@id":"https:\/\/sarrasins.beynacrentals.com\/en\/chambre-1\/","url":"https:\/\/sarrasins.beynacrentals.com\/en\/chambre-1\/","name":"Chambre 1 - Gîte Maison des Sarrasins - Le Périgord noir","isPartOf":{"@id":"https:\/\/sarrasins.beynacrentals.com\/#website"},"primaryImageOfPage":{"@id":"https:\/\/sarrasins.beynacrentals.com\/en\/chambre-1\/#primaryimage"},"image":{"@id":"https:\/\/sarrasins.beynacrentals.com\/en\/chambre-1\/#primaryimage"},"thumbnailUrl":"https:\/\/dpms-media.fr\/maison-des-sarrasins\/wp-content\/uploads\/sites\/41\/2017\/03\/Maison-2-800x335-1.jpg","datePublished":"2017-03-08T16:19:43+00:00","dateModified":"2025-06-19T11:28:42+00:00","breadcrumb":{"@id":"https:\/\/sarrasins.beynacrentals.com\/en\/chambre-1\/#breadcrumb"},"inLanguage":"en-US","potentialAction":[{"@type":"ReadAction","target":["https:\/\/sarrasins.beynacrentals.com\/en\/chambre-1\/"]}]},{"@type":"ImageObject","inLanguage":"en-US","@id":"https:\/\/sarrasins.beynacrentals.com\/en\/chambre-1\/#primaryimage","url":"https:\/\/dpms-media.fr\/maison-des-sarrasins\/wp-content\/uploads\/sites\/41\/2017\/03\/Maison-2-800x335-1.jpg","contentUrl":"https:\/\/dpms-media.fr\/maison-des-sarrasins\/wp-content\/uploads\/sites\/41\/2017\/03\/Maison-2-800x335-1.jpg","width":800,"height":335},{"@type":"BreadcrumbList","@id":"https:\/\/sarrasins.beynacrentals.com\/en\/chambre-1\/#breadcrumb","itemListElement":[{"@type":"ListItem","position":1,"name":"Accueil","item":"https:\/\/sarrasins.beynacrentals.com\/en\/"},{"@type":"ListItem","position":2,"name":"Chambre 1"}]},{"@type":"WebSite","@id":"https:\/\/sarrasins.beynacrentals.com\/#website","url":"https:\/\/sarrasins.beynacrentals.com\/","name":"Gîte Maison des Sarrasins - Le Périgord noir","description":"Maison des Sarrasins -gîte de charme en Aquitaine - Beynac Rentals","potentialAction":[{"@type":"SearchAction","target":{"@type":"EntryPoint","urlTemplate":"https:\/\/sarrasins.beynacrentals.com\/?s={search_term_string}"},"query-input":{"@type":"PropertyValueSpecification","valueRequired":true,"valueName":"search_term_string"}}],"inLanguage":"en-US"}]}</script>
<!-- / Yoast SEO plugin. -->

Chambre 1 - Gîte Maison des Sarrasins - Le Périgord noir

Gîte Maison des Sarrasins - Le Périgord noir

Maison des Sarrasins -gîte de charme en Aquitaine - Beynac Rentals
