{"id":3167,"date":"2025-06-18T21:56:38","date_gmt":"2025-06-18T19:56:38","guid":{"rendered":"https:\/\/dpms-media.fr\/maison-des-sarrasins\/?post_type=portfolio&#038;p=3167"},"modified":"2025-06-19T13:28:12","modified_gmt":"2025-06-19T11:28:12","slug":"exterior","status":"publish","type":"portfolio","link":"https:\/\/sarrasins.beynacrentals.com\/en\/exterior\/","title":{"rendered":"exterior"},"content":{"rendered":"","protected":false},"excerpt":{"rendered":"","protected":false},"author":24,"featured_media":3112,"comment_status":"closed","ping_status":"closed","template":"","meta":{"footnotes":""},"tags":[],"portfolio_entries":[31],"class_list":["post-3167","portfolio","type-portfolio","status-publish","has-post-thumbnail","hentry","portfolio_entries-presentation-en"],"yoast_head":"<!-- This site is optimized with the Yoast SEO plugin v27.5 - https:\/\/yoast.com\/product\/yoast-seo-wordpress\/ -->\n<title>exterior - G\u00eete Maison des Sarrasins - Le P\u00e9rigord noir<\/title>\n<meta name=\"robots\" content=\"index, follow, max-snippet:-1, max-image-preview:large, max-video-preview:-1\" \/>\n<link rel=\"canonical\" href=\"https:\/\/sarrasins.beynacrentals.com\/en\/exterior\/\" \/>\n<meta property=\"og:locale\" content=\"en_US\" \/>\n<meta property=\"og:type\" content=\"article\" \/>\n<meta property=\"og:title\" content=\"exterior - G\u00eete Maison des Sarrasins - Le P\u00e9rigord noir\" \/>\n<meta property=\"og:url\" content=\"https:\/\/sarrasins.beynacrentals.com\/en\/exterior\/\" \/>\n<meta property=\"og:site_name\" content=\"G\u00eete Maison des Sarrasins - Le P\u00e9rigord noir\" \/>\n<meta property=\"article:modified_time\" content=\"2025-06-19T11:28:12+00:00\" \/>\n<meta property=\"og:image\" content=\"https:\/\/dpms-media.fr\/maison-des-sarrasins\/wp-content\/uploads\/sites\/41\/2025\/06\/MG_4901.jpg\" \/>\n\t<meta property=\"og:image:width\" content=\"2000\" \/>\n\t<meta property=\"og:image:height\" content=\"1333\" \/>\n\t<meta property=\"og:image:type\" content=\"image\/jpeg\" \/>\n<meta name=\"twitter:card\" content=\"summary_large_image\" \/>\n<script type=\"application\/ld+json\" class=\"yoast-schema-graph\">{\"@context\":\"https:\\\/\\\/schema.org\",\"@graph\":[{\"@type\":\"WebPage\",\"@id\":\"https:\\\/\\\/sarrasins.beynacrentals.com\\\/en\\\/exterior\\\/\",\"url\":\"https:\\\/\\\/sarrasins.beynacrentals.com\\\/en\\\/exterior\\\/\",\"name\":\"exterior - G\u00eete Maison des Sarrasins - Le P\u00e9rigord noir\",\"isPartOf\":{\"@id\":\"https:\\\/\\\/sarrasins.beynacrentals.com\\\/#website\"},\"primaryImageOfPage\":{\"@id\":\"https:\\\/\\\/sarrasins.beynacrentals.com\\\/en\\\/exterior\\\/#primaryimage\"},\"image\":{\"@id\":\"https:\\\/\\\/sarrasins.beynacrentals.com\\\/en\\\/exterior\\\/#primaryimage\"},\"thumbnailUrl\":\"https:\\\/\\\/dpms-media.fr\\\/maison-des-sarrasins\\\/wp-content\\\/uploads\\\/sites\\\/41\\\/2025\\\/06\\\/MG_4901.jpg\",\"datePublished\":\"2025-06-18T19:56:38+00:00\",\"dateModified\":\"2025-06-19T11:28:12+00:00\",\"breadcrumb\":{\"@id\":\"https:\\\/\\\/sarrasins.beynacrentals.com\\\/en\\\/exterior\\\/#breadcrumb\"},\"inLanguage\":\"en-US\",\"potentialAction\":[{\"@type\":\"ReadAction\",\"target\":[\"https:\\\/\\\/sarrasins.beynacrentals.com\\\/en\\\/exterior\\\/\"]}]},{\"@type\":\"ImageObject\",\"inLanguage\":\"en-US\",\"@id\":\"https:\\\/\\\/sarrasins.beynacrentals.com\\\/en\\\/exterior\\\/#primaryimage\",\"url\":\"https:\\\/\\\/dpms-media.fr\\\/maison-des-sarrasins\\\/wp-content\\\/uploads\\\/sites\\\/41\\\/2025\\\/06\\\/MG_4901.jpg\",\"contentUrl\":\"https:\\\/\\\/dpms-media.fr\\\/maison-des-sarrasins\\\/wp-content\\\/uploads\\\/sites\\\/41\\\/2025\\\/06\\\/MG_4901.jpg\",\"width\":2000,\"height\":1333,\"caption\":\"exterior\"},{\"@type\":\"BreadcrumbList\",\"@id\":\"https:\\\/\\\/sarrasins.beynacrentals.com\\\/en\\\/exterior\\\/#breadcrumb\",\"itemListElement\":[{\"@type\":\"ListItem\",\"position\":1,\"name\":\"Accueil\",\"item\":\"https:\\\/\\\/sarrasins.beynacrentals.com\\\/en\\\/\"},{\"@type\":\"ListItem\",\"position\":2,\"name\":\"exterior\"}]},{\"@type\":\"WebSite\",\"@id\":\"https:\\\/\\\/sarrasins.beynacrentals.com\\\/#website\",\"url\":\"https:\\\/\\\/sarrasins.beynacrentals.com\\\/\",\"name\":\"G\u00eete Maison des Sarrasins - Le P\u00e9rigord noir\",\"description\":\"Maison des Sarrasins -g\u00eete de charme en Aquitaine - Beynac Rentals\",\"potentialAction\":[{\"@type\":\"SearchAction\",\"target\":{\"@type\":\"EntryPoint\",\"urlTemplate\":\"https:\\\/\\\/sarrasins.beynacrentals.com\\\/?s={search_term_string}\"},\"query-input\":{\"@type\":\"PropertyValueSpecification\",\"valueRequired\":true,\"valueName\":\"search_term_string\"}}],\"inLanguage\":\"en-US\"}]}<\/script>\n<!-- \/ Yoast SEO plugin. -->","yoast_head_json":{"title":"exterior - G\u00eete Maison des Sarrasins - Le P\u00e9rigord noir","robots":{"index":"index","follow":"follow","max-snippet":"max-snippet:-1","max-image-preview":"max-image-preview:large","max-video-preview":"max-video-preview:-1"},"canonical":"https:\/\/sarrasins.beynacrentals.com\/en\/exterior\/","og_locale":"en_US","og_type":"article","og_title":"exterior - G\u00eete Maison des Sarrasins - Le P\u00e9rigord noir","og_url":"https:\/\/sarrasins.beynacrentals.com\/en\/exterior\/","og_site_name":"G\u00eete Maison des Sarrasins - Le P\u00e9rigord noir","article_modified_time":"2025-06-19T11:28:12+00:00","og_image":[{"width":2000,"height":1333,"url":"https:\/\/dpms-media.fr\/maison-des-sarrasins\/wp-content\/uploads\/sites\/41\/2025\/06\/MG_4901.jpg","type":"image\/jpeg"}],"twitter_card":"summary_large_image","schema":{"@context":"https:\/\/schema.org","@graph":[{"@type":"WebPage","@id":"https:\/\/sarrasins.beynacrentals.com\/en\/exterior\/","url":"https:\/\/sarrasins.beynacrentals.com\/en\/exterior\/","name":"exterior - G\u00eete Maison des Sarrasins - Le P\u00e9rigord noir","isPartOf":{"@id":"https:\/\/sarrasins.beynacrentals.com\/#website"},"primaryImageOfPage":{"@id":"https:\/\/sarrasins.beynacrentals.com\/en\/exterior\/#primaryimage"},"image":{"@id":"https:\/\/sarrasins.beynacrentals.com\/en\/exterior\/#primaryimage"},"thumbnailUrl":"https:\/\/dpms-media.fr\/maison-des-sarrasins\/wp-content\/uploads\/sites\/41\/2025\/06\/MG_4901.jpg","datePublished":"2025-06-18T19:56:38+00:00","dateModified":"2025-06-19T11:28:12+00:00","breadcrumb":{"@id":"https:\/\/sarrasins.beynacrentals.com\/en\/exterior\/#breadcrumb"},"inLanguage":"en-US","potentialAction":[{"@type":"ReadAction","target":["https:\/\/sarrasins.beynacrentals.com\/en\/exterior\/"]}]},{"@type":"ImageObject","inLanguage":"en-US","@id":"https:\/\/sarrasins.beynacrentals.com\/en\/exterior\/#primaryimage","url":"https:\/\/dpms-media.fr\/maison-des-sarrasins\/wp-content\/uploads\/sites\/41\/2025\/06\/MG_4901.jpg","contentUrl":"https:\/\/dpms-media.fr\/maison-des-sarrasins\/wp-content\/uploads\/sites\/41\/2025\/06\/MG_4901.jpg","width":2000,"height":1333,"caption":"exterior"},{"@type":"BreadcrumbList","@id":"https:\/\/sarrasins.beynacrentals.com\/en\/exterior\/#breadcrumb","itemListElement":[{"@type":"ListItem","position":1,"name":"Accueil","item":"https:\/\/sarrasins.beynacrentals.com\/en\/"},{"@type":"ListItem","position":2,"name":"exterior"}]},{"@type":"WebSite","@id":"https:\/\/sarrasins.beynacrentals.com\/#website","url":"https:\/\/sarrasins.beynacrentals.com\/","name":"G\u00eete Maison des Sarrasins - Le P\u00e9rigord noir","description":"Maison des Sarrasins -g\u00eete de charme en Aquitaine - Beynac Rentals","potentialAction":[{"@type":"SearchAction","target":{"@type":"EntryPoint","urlTemplate":"https:\/\/sarrasins.beynacrentals.com\/?s={search_term_string}"},"query-input":{"@type":"PropertyValueSpecification","valueRequired":true,"valueName":"search_term_string"}}],"inLanguage":"en-US"}]}},"_links":{"self":[{"href":"https:\/\/sarrasins.beynacrentals.com\/en\/wp-json\/wp\/v2\/portfolio\/3167","targetHints":{"allow":["GET"]}}],"collection":[{"href":"https:\/\/sarrasins.beynacrentals.com\/en\/wp-json\/wp\/v2\/portfolio"}],"about":[{"href":"https:\/\/sarrasins.beynacrentals.com\/en\/wp-json\/wp\/v2\/types\/portfolio"}],"author":[{"embeddable":true,"href":"https:\/\/sarrasins.beynacrentals.com\/en\/wp-json\/wp\/v2\/users\/24"}],"replies":[{"embeddable":true,"href":"https:\/\/sarrasins.beynacrentals.com\/en\/wp-json\/wp\/v2\/comments?post=3167"}],"version-history":[{"count":2,"href":"https:\/\/sarrasins.beynacrentals.com\/en\/wp-json\/wp\/v2\/portfolio\/3167\/revisions"}],"predecessor-version":[{"id":3169,"href":"https:\/\/sarrasins.beynacrentals.com\/en\/wp-json\/wp\/v2\/portfolio\/3167\/revisions\/3169"}],"wp:featuredmedia":[{"embeddable":true,"href":"https:\/\/sarrasins.beynacrentals.com\/en\/wp-json\/wp\/v2\/media\/3112"}],"wp:attachment":[{"href":"https:\/\/sarrasins.beynacrentals.com\/en\/wp-json\/wp\/v2\/media?parent=3167"}],"wp:term":[{"taxonomy":"post_tag","embeddable":true,"href":"https:\/\/sarrasins.beynacrentals.com\/en\/wp-json\/wp\/v2\/tags?post=3167"},{"taxonomy":"portfolio_entries","embeddable":true,"href":"https:\/\/sarrasins.beynacrentals.com\/en\/wp-json\/wp\/v2\/portfolio_entries?post=3167"}],"curies":[{"name":"wp","href":"https:\/\/api.w.org\/{rel}","templated":true}]}}

<!-- This site is optimized with the Yoast SEO plugin v27.5 - https://yoast.com/product/yoast-seo-wordpress/ -->
<title>exterior - Gîte Maison des Sarrasins - Le Périgord noir</title>
<meta name="robots" content="index, follow, max-snippet:-1, max-image-preview:large, max-video-preview:-1" />
<link rel="canonical" href="https://sarrasins.beynacrentals.com/en/exterior/" />
<meta property="og:locale" content="en_US" />
<meta property="og:type" content="article" />
<meta property="og:title" content="exterior - Gîte Maison des Sarrasins - Le Périgord noir" />
<meta property="og:url" content="https://sarrasins.beynacrentals.com/en/exterior/" />
<meta property="og:site_name" content="Gîte Maison des Sarrasins - Le Périgord noir" />
<meta property="article:modified_time" content="2025-06-19T11:28:12+00:00" />
<meta property="og:image" content="https://dpms-media.fr/maison-des-sarrasins/wp-content/uploads/sites/41/2025/06/MG_4901.jpg" />
	<meta property="og:image:width" content="2000" />
	<meta property="og:image:height" content="1333" />
	<meta property="og:image:type" content="image/jpeg" />
<meta name="twitter:card" content="summary_large_image" />
<script type="application/ld+json" class="yoast-schema-graph">{"@context":"https:\/\/schema.org","@graph":[{"@type":"WebPage","@id":"https:\/\/sarrasins.beynacrentals.com\/en\/exterior\/","url":"https:\/\/sarrasins.beynacrentals.com\/en\/exterior\/","name":"exterior - Gîte Maison des Sarrasins - Le Périgord noir","isPartOf":{"@id":"https:\/\/sarrasins.beynacrentals.com\/#website"},"primaryImageOfPage":{"@id":"https:\/\/sarrasins.beynacrentals.com\/en\/exterior\/#primaryimage"},"image":{"@id":"https:\/\/sarrasins.beynacrentals.com\/en\/exterior\/#primaryimage"},"thumbnailUrl":"https:\/\/dpms-media.fr\/maison-des-sarrasins\/wp-content\/uploads\/sites\/41\/2025\/06\/MG_4901.jpg","datePublished":"2025-06-18T19:56:38+00:00","dateModified":"2025-06-19T11:28:12+00:00","breadcrumb":{"@id":"https:\/\/sarrasins.beynacrentals.com\/en\/exterior\/#breadcrumb"},"inLanguage":"en-US","potentialAction":[{"@type":"ReadAction","target":["https:\/\/sarrasins.beynacrentals.com\/en\/exterior\/"]}]},{"@type":"ImageObject","inLanguage":"en-US","@id":"https:\/\/sarrasins.beynacrentals.com\/en\/exterior\/#primaryimage","url":"https:\/\/dpms-media.fr\/maison-des-sarrasins\/wp-content\/uploads\/sites\/41\/2025\/06\/MG_4901.jpg","contentUrl":"https:\/\/dpms-media.fr\/maison-des-sarrasins\/wp-content\/uploads\/sites\/41\/2025\/06\/MG_4901.jpg","width":2000,"height":1333,"caption":"exterior"},{"@type":"BreadcrumbList","@id":"https:\/\/sarrasins.beynacrentals.com\/en\/exterior\/#breadcrumb","itemListElement":[{"@type":"ListItem","position":1,"name":"Accueil","item":"https:\/\/sarrasins.beynacrentals.com\/en\/"},{"@type":"ListItem","position":2,"name":"exterior"}]},{"@type":"WebSite","@id":"https:\/\/sarrasins.beynacrentals.com\/#website","url":"https:\/\/sarrasins.beynacrentals.com\/","name":"Gîte Maison des Sarrasins - Le Périgord noir","description":"Maison des Sarrasins -gîte de charme en Aquitaine - Beynac Rentals","potentialAction":[{"@type":"SearchAction","target":{"@type":"EntryPoint","urlTemplate":"https:\/\/sarrasins.beynacrentals.com\/?s={search_term_string}"},"query-input":{"@type":"PropertyValueSpecification","valueRequired":true,"valueName":"search_term_string"}}],"inLanguage":"en-US"}]}</script>
<!-- / Yoast SEO plugin. -->

exterior - Gîte Maison des Sarrasins - Le Périgord noir

Gîte Maison des Sarrasins - Le Périgord noir

Maison des Sarrasins -gîte de charme en Aquitaine - Beynac Rentals
